2834
In base 9, what is -51 - -301?
240
In base 13, what is -4 + -144?
-148
In base 10, what is -2 + -71?
-73
In base 11, what is -20 - -aa?
8a
In base 10, what is 764 - 1?
763
In base 6, what is 433 - -5?
442
In base 10, what is -7 - -21?
14
In base 14, what is 11 - 9b?
-8a
In base 7, what is -56133 - 4?
-56140
In base 12, what is -1 - -65?
64
In base 2, what is 1100000 - -100?
1100100
In base 15, what is 5e - 23?
3b
In base 16, what is -4 - -184f?
184b
In base 12, what is 2 + 12?
14
In base 11, what is 72 + -8?
65
In base 7, what is 41 + -6?
32
In base 6, what is -1102 - -2?
-1100
In base 8, what is 35 - -55?
112
In base 8, what is 577 + -23?
554
In base 13, what is -8 - 28a?
-295
In base 3, what is 1100 + 2110?
10210
In base 14, what is -4 + 1c?
18
In base 5, what is -4 - 11021?
-11030
In base 4, what is -101200 + -10?
-101210
In base 10, what is 122 + -39?
83
In base 5, what is -2 - 1200?
-1202
In base 12, what is 10b + 2?
111
In base 5, what is 0 - -412?
412
In base 15, what is 4 + -7e?
-7a
In base 9, what is -5572 + 1?
-5571
In base 6, what is -4 + 20?
12
In base 4, what is 1222200 + -1?
1222133
In base 16, what is -9 - 31?
-3a
In base 6, what is 1332 + -5?
1323
In base 15, what is -2 + -2c1?
-2c3
In base 12, what is -1995 + -5?
-199a
In base 7, what is -23 + -5?
-31
In base 11, what is 298 - -3?
2a0
In base 6, what is 522 - 3?
515
In base 14, what is 5 + -c23?
-c1c
In base 13, what is 7 + 165?
16c
In base 15, what is 8 - 298?
-290
In base 9, what is 10 - 0?
10
In base 12, what is 16 + -3?
13
In base 14, what is -13ca5 + 1?
-13ca4
In base 14, what is 60 - -2?
62
In base 3, what is -2 - 12?
-21
In base 11, what is -1a - -3?
-17
In base 3, what is -12210 - -122?
-12011
In base 11, what is 2313 + -4?
230a
In base 12, what is 4 - -19a?
1a2
In base 8, what is 1 + 7761?
7762
In base 2, what is -100 - 10110?
-11010
In base 9, what is 1778 - 26?
1752
In base 4, what is 20133 + -103?
20030
In base 11, what is -4 + -11?
-15
In base 9, what is 2 + 671?
673
In base 7, what is -2006 + -3?
-2012
In base 8, what is 12 + 141?
153
In base 9, what is -312 - 3?
-315
In base 5, what is -4 - 230?
-234
In base 5, what is -1 + -21?
-22
In base 3, what is 112 + -1220?
-1101
In base 2, what is 1 - -1011100011?
1011100100
In base 5, what is -30020 + 4?
-30011
In base 8, what is 511 - -4?
515
In base 6, what is 4 + 424?
432
In base 10, what is -47 + -25?
-72
In base 14, what is 3 + 184?
187
In base 13, what is 2 - 39?
-37
In base 16, what is -142 + 7?
-13b
In base 10, what is 5 - -502?
507
In base 6, what is -5 + 114?
105
In base 11, what is -102 - 1?
-103
In base 15, what is 1 + 8?
9
In base 7, what is -5 + -3122?
-3130
In base 15, what is -1e1 + -4?
-1e5
In base 16, what is 18 - 4?
14
In base 3, what is 210011 + -1?
210010
In base 2, what is 101 + -111101?
-111000
In base 9, what is -4 - -4150?
4145
In base 6, what is 0 - 45?
-45
In base 4, what is -23 + -2?
-31
In base 7, what is 11 - 0?
11
In base 10, what is -4 - -244?
240
In base 15, what is -68 + -e?
-77
In base 16, what is 25e - 1?
25d
In base 13, what is 308b - 4?
3087
In base 4, what is -3 + -1023201?
-1023210
In base 10, what is -208 - 1?
-209
In base 13, what is -2c1 - -2?
-2bc
In base 12, what is -2 - -19?
17
In base 10, what is 1 - 111?
-110
In base 12, what is 4 - 42a?
-426
In base 7, what is -252 + -4?
-256
In base 4, what is 0 - 201?
-201
In base 5, what is -3232 + 12?
-3220
In base 4, what is -11122 - 10?
-11132
In base 5, what is -12 + -133?
-200
In base 15, what is -2 + 2e?
2c
In base 2, what is 1111 + 1000000001?
1000010000
In base 4, what is 203 + 23?
232
In base 4, what is 0 - -320?
320
In base 3, what is 1 + -200?
-122
In base 14, what is 3 - 29?
-26
In base 5, what is -203 + 230?
22
In base 5, what is 3 + -400?
-342
In base 3, what is -211 + -20211?
-21122
In base 10, what is -15657 - 1?
-15658
In base 14, what is -85 + 1?
-84
In base 13, what is -4 - 30?
-34
In base 7, what is -34 + -13?
-50
In base 11, what is -6 - -164?
159
In base 11, what is 1 + -31?
-30
In base 2, what is -1 - 1001101010?
-1001101011
In base 7, what is -124 - -13?
-111
In base 11, what is 0 - -67?
67
In base 16, what is 906 - 1?
905
In base 11, what is -1 + 391?
390
In base 5, what is 332 + 10?
342
In base 5, what is 202 + 3?
210
In base 16, what is 5 + -80?
-7b
In base 3, what is 2000 - 1?
1222
In base 16, what is bd + -3?
ba
In base 3, what is -111 - 210012?
-210200
In base 3, what is -2002210 - 11?
-2002221
In base 4, what is -1 - 1301?
-1302
In base 6, what is 2 + 355?
401
In base 8, what is 55 - -3?
60
In base 9, what is 4 + -55?
-51
In base 8, what is -5 - -1720?
1713
In base 9, what is 4 - -3117?
3122
In base 12, what is 53 - -3?
56
In base 8, what is 2 + -62?
-60
In base 10, what is -2873 + 5?
-2868
In base 3, what is 11001 - 10?
10221
In base 2, what is 1 - 10000101?
-10000100
In base 12, what is 7 + 224?
22b
In base 12, what is 2 - -43b?
441
In base 4, what is 0 + -3002?
-3002
In base 5, what is -41 - -1?
-40
In base 16, what is 20d + -4?
209
In base 7, what is 112 - -26?
141
In base 8, what is -614 + -4?
-620
In base 9, what is 1447 + 2?
1450
In base 4, what is 33 - -1301?
2000
In base 12, what is 0 - 1801?
-1801
In base 13, what is -2976 - 4?
-297a
In base 10, what is -13 + 188?
175
In base 12, what is -66 - 23?
-89
In base 4, what is -2 + -221?
-223
In base 15, what is -62a - -3?
-627
In base 15, what is 29d8 - 3?
29d5
In base 8, what is 475 - -16?
513
In base 2, what is -11 + 101111?
101100
In base 3, what is 10102 + -2?
10100
In base 7, what is -1 + -2241?
-2242
In base 7, what is -12 - 2454?
-2466
In base 6, what is -453 - -1?
-452
In base 14, what is 2b + 59?
86
In base 12, what is -1697 + 0?
-1697
In base 3, what is -1021 + 1?
-1020
In base 13, what is 7a - -3?
80
In base 4, what is 0 - 10003?
-10003
In base 3, what is 10100 + 10?
10110
In base 6, what is -453 + 3?
-450
In base 15, what is 1 + 84?
85
In base 10, what is -17 - -143?
126
In base 8, what is -4 + -35?
-41
In base 11, what is -515 - 1?
-516
In base 7, what is -1632 + -1?
-1633
In base 9, what is 1046 + 1?
1047
In base 14, what is 2 - -4c?
50
In base 14, what is 5 - 7?
-2
In base 6, what is 122 - -4?
130
In base 12, what is -77 + -12?
-89
In base 16, what is -1b + -12?
-2d
In base 16, what is 4 + 1d?
21
In base 12, what is -178 + -5?
-181
In base 3, what is -1000 + -21?
-1021
In base 12, what is 536 + -5?
531
In base 9, what is 1 + -10476?
-10475
In base 12, what is -6b + 85?
16
In base 13, what is -3a13 - 5?
-3a18
In base 7, what is -464 + 35?
-426
In base 7, what is 66 + 54?
153
In base 10, what is 196 - 9?
187
In base 8, what is -4 - 423?
-427
In base 2, what is 0 + -111011001111?
-111011001111
In base 15, what is -12 - -53?
41
In base 13, what is 589 + -14?
575
In base 7, what is 2 + 13442?
13444
In base 2, what is 100 - -1011101?
1100001
In base 2, what is -110100000000 - 11?
-110100000011
In base 10, what is -223 + -1?
-224
In base 10, what is 114 + 1?
115
In base 4, what is -2000 - 101?
-2101
In base 2, what is 10111011 + 0?
10111011
In base 11, what is -180 - -4?
-177
In base 7, what is -11465 - 6?
-11504
In base 13, what is -4 + -423c?
-4243
In base 5, what is -10 - -431?
421
In base 4, what is 13003 + 10?
13013
In base 15, what is -4 - 1?
-5
In base 12, what is -1 - -a89?
a88
In base 12, what is -94 + 2a?
-66
In base 16, what is -166 + -13?
-179
In base 9, what is -85 - 1?
-86
In base 8, what is -1 - 2711?
-2712
In base 10, what is 47 - -5?
52
In base 16, what is -13 - b?
-1e
In base 6, what is 454452 + -3?
454445
In base 11, what is -294 + -1?
-295
In base 15, what is 16 + 1?
17
In base 9, what is -3 - 203?
-206
In base 15, what is -52 + -4?
-56
In base 15, what is 1a4 + 0?
1a4
In base 4, what is 10 - 12221?
-12211
In base 15, what is b5 - -3?
b8
In base 15, what is -342 + -4?
-346
In base 6, what is 105 - -30?
135
In base 15, what is 5 - -117?
11c
In base 5, what is 2030 - 3?
2022
In base 15, what is -6 + 4b3?
4ac
In base 3, what is 102011 + 2?
102020
In base 4, what is 23 - 1330?
-1301
In base 3, what is -22 + 20002?
12210
In base 6, what is 10350 - 3?
10343
In base 4, what is -3 + 100203?
100200
In base 16, what is -33 - -23?
-10
In base 4, what is 2 + 1110?
1112
In base 10, what is 77 + -6?
71
In base 12, what is -14 -